 highest common factor of 405 and 1559979.
81
What is the highest common factor of 4777 and 455209?
17
What is the greatest common divisor of 611694279 and 502?
251
Calculate the highest common divisor of 2035 and 2666060.
5
Calculate the greatest common factor of 115255809 and 45.
9
Calculate the greatest common divisor of 63012265 and 14120.
1765
What is the greatest common factor of 241 and 4919292?
241
Calculate the highest common divisor of 27 and 936666.
9
What is the highest common factor of 7182 and 136654?
14
What is the highest common factor of 17541003 and 10506?
309
What is the greatest common factor of 185468 and 102054?
466
What is the highest common factor of 1159555735 and 179?
179
What is the highest common factor of 1718430 and 1620?
30
What is the greatest common divisor of 3917325402 and 9?
9
Calculate the greatest common factor of 6573 and 90867.
21
What is the highest common factor of 1784175 and 1275?
75
What is the highest common divisor of 13341 and 33668237?
4447
Calculate the highest common factor of 15360 and 10944960.
960
What is the highest common factor of 177583975 and 75?
25
Calculate the greatest common factor of 128913908 and 6620.
1324
What is the highest common factor of 615769 and 116886?
847
Calculate the greatest common divisor of 688 and 26744.
8
Calculate the highest common factor of 11331100 and 148775.
275
What is the greatest common factor of 72602 and 30070?
62
What is the highest common factor of 49662920 and 40?
40
What is the highest common divisor of 3703 and 85618121?
529
Calculate the highest common factor of 1970490 and 392730.
570
What is the greatest common divisor of 4554 and 1783788?
138
What is the greatest common divisor of 1010313 and 108?
27
What is the highest common divisor of 3165 and 7416861?
633
Calculate the greatest common factor of 3911470 and 2780.
10
Calculate the greatest common factor of 107074 and 125914.
314
What is the greatest common divisor of 16538689 and 1504?
47
Calculate the highest common factor of 7252 and 13218583.
1813
What is the greatest common divisor of 218095 and 2915?
265
Calculate the greatest common factor of 291505 and 2070865.
1685
Calculate the greatest common factor of 27 and 295356429.
27
What is the greatest common factor of 147677108 and 23248?
5812
Calculate the highest common factor of 19313 and 138929.
623
Calculate the highest common factor of 1420 and 1496964.
284
What is the greatest common divisor of 1915 and 24862445?
1915
Calculate the greatest common divisor of 1131592 and 644.
28
Calculate the highest common factor of 70169 and 55451.
11
What is the greatest common divisor of 7524 and 32831073?
99
What is the highest common divisor of 28924 and 13567422?
2066
Calculate the highest common divisor of 88206 and 9199452.
1446
Calculate the greatest common factor of 53145332 and 238.
34
What is the greatest common divisor of 36770 and 119260?
10
Calculate the highest common divisor of 2595240 and 477040.
3560
Calculate the greatest common divisor of 576 and 615312.
144
Calculate the highest common factor of 9433652 and 7923.
2641
What is the greatest common divisor of 9459830 and 25?
5
Calculate the greatest common divisor of 169442 and 119119.
637
What is the greatest common divisor of 17 and 223933197?
17
What is the highest common factor of 4736 and 310592?
64
Calculate the highest common factor of 214693 and 264690.
2941
What is the highest common divisor of 384450418 and 11?
11
What is the highest common factor of 1185660 and 2212?
28
What is the highest common divisor of 16 and 1060410592?
16
Calculate the greatest common factor of 16385 and 3016535.
565
Calculate the greatest common divisor of 11297 and 6617.
13
Calculate the greatest common factor of 54209292 and 111.
111
What is the greatest common divisor of 17872871 and 113?
113
What is the greatest common divisor of 589076 and 1748?
1748
Calculate the greatest common factor of 648 and 1696165596.
324
Calculate the highest common divisor of 1167705 and 212499.
63
What is the highest common divisor of 2 and 58979916?
2
What is the greatest common factor of 2340 and 8488220?
260
What is the greatest common divisor of 18301252 and 82?
82
What is the highest common divisor of 2501 and 7786589?
61
What is the highest common divisor of 84 and 234427956?
84
Calculate the highest common factor of 2132 and 15521116.
52
Calculate the greatest common factor of 324 and 1071892.
4
What is the greatest common divisor of 948675 and 50661?
39
Calculate the highest common divisor of 17339 and 1498.
7
What is the greatest common factor of 598 and 202075562?
598
What is the highest common divisor of 48434750 and 18200?
4550
Calculate the highest common divisor of 3712 and 89821120.
1856
Calculate the highest common divisor of 76 and 131030897.
19
Calculate the highest common factor of 876916 and 22.
2
What is the highest common divisor of 15431 and 2750279?
1187
Calculate the highest common factor of 190 and 14552822.
38
Calculate the greatest common divisor of 227783 and 1649.
17
Calculate the greatest common divisor of 74836 and 1285626.
706
What is the greatest common divisor of 2771920 and 144?
16
What is the highest common factor of 4800 and 425175?
75
What is the highest common divisor of 215271 and 63189?
1071
Calculate the greatest common divisor of 3428 and 37345489.
857
What is the highest common factor of 140809 and 2299?
19
Calculate the greatest common divisor of 344 and 1452239.
43
What is the greatest common factor of 189744 and 9456?
48
What is the greatest common factor of 96272976 and 48?
48
What is the greatest common divisor of 2060427 and 287106?
327
Calculate the highest common factor of 6968 and 970696.
536
Calculate the highest common divisor of 844394 and 13802.
206
What is the highest common divisor of 621705 and 921165?
3255
What is the highest common factor of 19495 and 1687153?
557
What is the greatest common factor of 2156 and 3464384?
308
What is the highest common divisor of 5914 and 25044?
2
Calculate the greatest common factor of 2857184 and 1595.
11
Calculate the greatest common factor of 1348235295 and 4434.
2217
Calculate the greatest common divisor of 967584 and 31712.
32
Calculate the greatest common factor of 6952 and 45863213.
869
What is the highest common divisor of 5918563 and 27391?
2107
What is the highest common divisor of 190593 and 419739?
543
What is the greatest common divisor of 4730 and 382305?
55
What is the highest common divisor of 1143857 and 187?
11
Calculate the highest common factor of 671177804 and 484.
484
Calculate the highest common factor of 672 and 42454944.
672
Calculate the greatest common factor of 2099597 and 7255.
1451
Calculate the greatest common divisor of 2142 and 12369268.
34
What is the greatest common divisor of 381026660 and 140?
140
Calculate the greatest common factor of 128936 and 272924.
284
Calculate the highest common factor of 656 and 14656188.
164
Calculate the greatest common factor of 42940 and 96100.
20
What is the highest common factor of 843828 and 61788?
228
Calculate the highest common factor of 10312250 and 134602.
4342
What is the greatest common divisor of 6267283 and 699633?
2101
Calculate the highest common factor of 6227479 and 958.
479
What is the greatest common factor of 368 and 10997887?
23
What is the greatest common factor of 1847476 and 752?
188
What is the greatest common divisor of 1120798 and 84294?
3122
Calculate the greatest common factor of 41752 and 14728.
8
What is the greatest common factor of 6427741 and 92?
23
What is the highest common divisor of 36 and 4131477?
9
Calculate the highest common divisor of 161 and 303944494.
161
Calculate the greatest common divisor of 6080 and 13242316.
76
What is the highest common divisor of 6213636 and 144?
36
What is the greatest common divisor of 27141 and 235113?
327
Calculate the greatest common factor of 175597128 and 1764.
252
Calculate the highest common factor of 3928 and 83312880.
3928
What is the greatest common divisor of 1680 and 17829280?
560
What is the highest common divisor of 247390 and 10654930?
1430
Calculate the greatest common divisor of 481568513 and 439.
439
What is the highest common factor of 44 and 5060572?
44
Calc